s + 2. Let f be o(-3). Is f + (2 + -3 - -718) a composite number?
False
Let i(p) = -p**3 - 2*p + 1379. Suppose -x + 20 = -4*n, 2*x + 4*n + 27 - 7 = 0. Is i(x) a prime number?
False
Suppose -w + 4*v = -2*w - 4, -2*w + v + 1 = 0. Suppose a + 3*k = 6, -4*a - 2*k - 5 + 19 = w. Suppose 4*g - 3*r - r = 3280, -2*g - a*r = -1615. Is g composite?
True
Suppose -6 = n + 3*p, -15 = -0*n - 2*n + 3*p. Is 652 - n/6*6 prime?
False
Suppose k = 3 - 2. Let l(m) = 5*m**3 - m**2 + m. Let t be l(k). Let x = t + 30. Is x prime?
False
Let x(i) = -524*i**3 + 2*i**2 + 10*i + 21. Is x(-2) composite?
False
Let k(d) = -d**2 - d + 1. Let h(f) = -6*f**2 - 5*f + 6. Let y(o) = -2*h(o) + 11*k(o). Let l(m) = -m**2 - 2*m + 11. Let u be l(-5). Is y(u) a prime number?
True
Let l be 5794*(-1)/(-3) + (-31)/93. Let f = -958 + l. Is f prime?
False
Suppose -6 = -i - 2*i. Suppose -8 = -4*r + i*r. Suppose r*o - 157 = -5*u, 86 = -3*o + 5*o + 4*u. Is o composite?
True
Suppose 9*d - 12*d + 15 = 0. Suppose 4180 = d*t + 425. Is t composite?
False
Let z(c) = -c**3 - 13*c**2 - 2*c - 26. Let h be z(-13). Suppose 15*x + h*x - 58605 = 0. Is x a composite number?
False
Let d be -13 + 8 - (-15 - -1). Suppose 480 - d = 3*j. Is j a composite number?
False
Suppose i = -i - 5*n - 1, -2*i = -3*n - 39. Suppose -17641 = -i*c + 16907. Is c prime?
True
Let n(k) be the first derivative of -2*k**2 - 12*k + 4. Let y be n(-12). Suppose 5*h - 599 = y. Is h prime?
True
Suppose -43 - 17 = -4*z + 4*r, -5*z + 105 = r. Suppose -4*j - z = j. Is 4 - (j + 3 + -618) composite?
True
Suppose -4*l = 6*b - 2*b - 332968, -2*b + 3*l + 166499 = 0. Is b composite?
True
Is -1081*(-1)/2*2 a prime number?
False
Let s = 8 - 4. Suppose 3*h + s*f - 1771 = 0, f = 4*h - 1599 - 737. Suppose -t + 114 = 4*v - 647, h = 3*v - 4*t. Is v a prime number?
True
Suppose 4*x + 3827 = g, -6*g + 3*g = -5*x - 11516. Is g composite?
False
Let v(d) = d**2 + 4*d - 3. Let h be v(-6). Suppose -h*k + 7246 + 5723 = 0. Is k a composite number?
True
Suppose s - 3*s + 5*g = -3103, 0 = -2*g + 6. Is s prime?
True
Suppose -32 = -3*m - 20. Let a(l) = 75*l + 17. Is a(m) prime?
True
Suppose -4*f - r = -7 - 0, 2*r + 8 = 3*f. Let q(u) = -5*u**f - u**3 + 0*u**3 - 4*u**2 + 9*u. Is q(-10) prime?
False
Let a(c) = -c**2 + 21*c - 27. Let k(u) = u**2 - 12. Let d be (-1 + 3 - -1) + 2. Let m be k(d). Is a(m) composite?
True
Is (-5)/(-2*1/(-2)) + 6723 prime?
False
Suppose -4*h + 985 = 3301. Let o = 871 + h. Let w = o + 15. Is w prime?
True
Suppose 15*h + 5655 = 30*h. Is h prime?
False
Let d(a) = -2*a**2 + 9*a + 3. Let n(h) be the third derivative of -h**5/60 + h**4/3 + h**3/2 - 5*h**2. Let g(y) = -5*d(y) + 6*n(y). Is g(5) prime?
False
Suppose -2*b = 4*x - 5894, -5 = 7*b - 8*b. Is x a prime number?
True
Let k = 19272 - 13541. Is k a composite number?
True
Let l be 33/7 + (-12)/(-42). Suppose -h + 586 = -4*z + h, 4*z + l*h + 621 = 0. Let k = 292 + z. Is k a prime number?
False
Suppose -3*j - 5*d + 20298 = 0, -2*d = 58 - 64. Is j a composite number?
False
Suppose 64 + 213 = b - 4*m, 4*m + 1048 = 4*b. Let f = b - 54. Is f a composite number?
True
Is 13 + -6 + 0 - -2096 a prime number?
False
Let d = -11410 - -18821. Is d a prime number?
True
Suppose 0 = -2*g - 0*g + 4. Suppose -5*h + 13703 = -k, -g*k - 1451 = -4*h + 9509. Is h a composite number?
False
Suppose -5*x - 20 = -0*x. Let m = x - -17. Suppose -1 - m = -2*q. Is q composite?
False
Let k = -3 - -6. Suppose -k*a = -a + 1010. Let g = -132 - a. Is g prime?
True
Let k(w) be the second derivative of -3*w - 1/2*w**2 + 0 - 1/2*w**3 + 1/4*w**4. Is k(5) composite?
False
Let n = -270 - -18. Let k = n + 393. Suppose 5*s = 254 + k. Is s composite?
False
Let r(c) = -181*c**2 - 4*c + 1. Let w(l) = 180*l**2 + 5*l - 1. Let j(u) = -4*r(u) - 3*w(u). Is j(2) a prime number?
False
Let s be (-20)/6*(-5 + 2). Let b be 4/s + (-58)/(-5). Is (-9)/b + 475/4 prime?
False
Let w(g) = g**2 - 12*g + 2. Let a be w(12). Suppose a*f - 95 = 243. Let b = -110 + f. Is b prime?
True
Let c = -7448 - -12961. Is c composite?
True
Let o(l) = 3221*l + 64. Is o(7) a composite number?
True
Suppose 5*r = 2*j + 65, 3*r = 2*r + 5*j + 36. Suppose -25616 - 37953 = -r*v. Is v prime?
True
Suppose 21*j = 22*j - 1319. Is j prime?
True
Suppose -6979 = -5*o + 2*l, 52 - 58 = -2*l. Is o composite?
True
Suppose -956 + 65 = 3*h. Is -11 - -8 - (h + 1) a composite number?
False
Let x(j) = -j**2 + 3*j + 3491. Is x(0) prime?
True
Let z(q) = -11*q - 16. Let h be z(-12). Suppose 4*v - h = 392. Is v a composite number?
False
Let g(t) = -47*t - 119. Is g(-20) composite?
False
Suppose -4 - 6 = -a. Suppose 5*l + 10 = a*l. Is (-3 + l)/((-1)/83) a prime number?
True
Let a = -176 - -178. Suppose -3*k = -2*z - 1245, a*k - 3*z + z - 830 = 0. Is k a composite number?
True
Is -13*(-68)/221 + 116784 + 1 a prime number?
True
Let k = 80099 - 51400. Is k a prime number?
False
Let c(g) = -g**3 - 2*g**2 + 1. Let f be c(-2). Suppose 0 = -h + x, -f = 4*h - 3*x - 4. Suppose h*p - 310 = -4*v + 5*p, 5*v - 2*p = 389. Is v a composite number?
False
Suppose 3*n = 0, 308 = -4*o + 6*o - 5*n. Suppose 0 = 3*r - 5*j - 230, 0*r - 2*r = -4*j - o. Suppose 10*z - r = 5*z. Is z a composite number?
True
Let z be 2/(-4) + 25/10. Suppose 5*f + 4*b - 1075 = 0, 3*b + z*b = -3*f + 658. Is f a composite number?
False
Let j = 32303 + -19068. Is j a composite number?
True
Let g(c) = 52*c**3 + 7*c**2 + 2*c + 106. Is g(7) a composite number?
True
Let u be 39/26*(-20)/(-3). Let s(o) = o**2 - 3*o - 4. Let y be s(5). Suppose y = -u*z + 13*z. Is z a composite number?
False
Suppose 21 = -0*f + 3*f. Suppose -f*i = -10*i + 561. Is i prime?
False
Let n be (0 + 2/(-4))*-2. Let y be (-2*(1 + n))/(-1). Suppose x - 3*p - 31 - 58 = 0, y*x + p = 356. Is x composite?
False
Suppose -7 = 3*i - 2*i. Let g(x) = -x**3 - 7*x**2 - 5*x - 9. Let a be g(i). Let r = -16 + a. Is r prime?
False
Is 18296 - -1*2*55/22 a composite number?
False
Let c = 144 - 100. Let g = -1 + c. Is g a composite number?
False
Let n be 3/(2 - 3) + 10. Is 15006/10 + 4/70*n a composite number?
True
Let c(u) = -15*u - 43. Let o(f) = -4*f - 11. Let n(v) = -6*c(v) + 22*o(v). Let k be n(-7). Suppose 0*y = -k*y + 366. Is y composite?
True
Suppose -254*m = -256*m + 36742. Is m a composite number?
False
Suppose 3*p - 4*u = -5, p + 3*u + 0*u = 20. Suppose 8 = -2*h, -p*h + 671 - 14916 = -5*v. Is v a prime number?
False
Let h(o) = -o**2 - 15*o + 13. Let w be h(-14). Let r = w - -602. Is r composite?
True
Let v be (-389)/(3/9*-3). Let w = -120 + v. Is w a composite number?
False
Let j = 30902 + -21721. Is j composite?
False
Is 1362 + (0 - 2 - -7) composite?
False
Suppose 21*h - 129673 = -10*h. Is h a prime number?
False
Suppose 4*i + 3*r = i + 19248, 4*i - 5*r = 25709. Is i a composite number?
False
Suppose r - 79 = -3*f + 58, -3*f + 127 = -4*r. Suppose -3*a - y = -f, 2*y - y = -4*a + 59. Suppose -3*m - a = -173. Is m a composite number?
False
Is (-359164)/(-78)*(-6)/(-4) prime?
True
Let b(i) = 0 - 3 - 13 - 115*i + 4. Is b(-11) composite?
True
Suppose 4*r = -2*o + 32832, 0 = 2*r + 14*o - 15*o - 16420. Is r prime?
True
Is ((-4)/(-10))/((-20)/(-25))*19426 a prime number?
False
Let l(p) = -p**2 - 2*p + 41. Let j be l(8). Let n = j + 250. Is n prime?
True
Let v(o) = 3*o - 3. Let i be v(2). Suppose i*b - 1097 = b - 3*w, b - 5*w - 568 = 0. Suppose -y + b = 2*d, -4*d + 3*d = 4*y - 2247. Is y a composite number?
False
Let k = -28 + 36. Suppose 2406 + 3218 = k*a. Is a a prime number?
False
Suppose j + 4*h - 24 = -j, -j + 4*h = 18. Let y(x) = 568*x - 15. Is y(j) a composite number?
True
Let l(o) = 46*o**2 - o + 25. Is l(-8) composite?
True
Let j(r) = 1185*r + 31. Is j(4) composite?
True
Let t = 292 + 407. Suppose 2*y + 439 = x - 256, t = x - 4*y. Is x composite?
False
Let p(u) = u**3 + u + 4. Let l be p(2). Suppose 47766 = l*a + 12332. Is a composite?
False
Let j = 4083 + -1922. Is j prime?
True
Let l(p) = 3797*p - 38. Is l(5) prime?
True
Let q(f) = 172*f**2 + 10*f + 25. Is q(-6) composite?
True
Let k(g) = 119*g**2 + 3*g + 7. Let f be k(-6). Let x = -6233 + f. Is x/(-104) + (-4)/(-26) a composite number?
False
Let t(j) be the third derivative of j**6/120 + j**5/10 + 5*j**4/24 + 3*j**2. Let p be t(-5). Suppose 5*m - 4 = 21, 4*q + 4*m - 1672 = p. Is q prime?
False
Let q(d) be the second derivative of -d**